{"version":"1.0","provider_name":"MRC of Vaudreuil-Soulanges ","provider_url":"https:\/\/mrcvs.ca\/en\/","author_name":"Marie-Eve Gingras-Gosselin","author_url":"https:\/\/mrcvs.ca\/en\/author\/marie-eve\/","title":"Campagne \u00ab Bien outill\u00e9.e, tu vas y arriver \u00bb pr\u00e9sent\u00e9e dans le cadre des Journ\u00e9es de la pers\u00e9v\u00e9rance scolaire 2023 de Vaudreuil-Soulanges - MRC of Vaudreuil-Soulanges","type":"rich","width":600,"height":338,"html":"<blockquote class=\"wp-embedded-content\" data-secret=\"wFGzu2OfVs\"><a href=\"https:\/\/mrcvs.ca\/en\/jps\/\">Campagne \u00ab Bien outill\u00e9.e, tu vas y arriver \u00bb pr\u00e9sent\u00e9e dans le cadre des Journ\u00e9es de la pers\u00e9v\u00e9rance scolaire 2023 de Vaudreuil-Soulanges<\/a><\/blockquote><iframe sandbox=\"allow-scripts\" security=\"restricted\" src=\"https:\/\/mrcvs.ca\/en\/jps\/embed\/#?secret=wFGzu2OfVs\" width=\"600\" height=\"338\" title=\"&#8220;Campagne \u00ab Bien outill\u00e9.e, tu vas y arriver \u00bb pr\u00e9sent\u00e9e dans le cadre des Journ\u00e9es de la pers\u00e9v\u00e9rance scolaire 2023 de Vaudreuil-Soulanges&#8221; &#8212; MRC of Vaudreuil-Soulanges \" data-secret=\"wFGzu2OfVs\" frameborder=\"0\" marginwidth=\"0\" marginheight=\"0\" scrolling=\"no\" class=\"wp-embedded-content\"><\/iframe><script type=\"text\/javascript\">\n\/* <![CDATA[ *\/\n\/*! This file is auto-generated *\/\n!function(d,l){\"use strict\";l.querySelector&&d.addEventListener&&\"undefined\"!=typeof URL&&(d.wp=d.wp||{},d.wp.receiveEmbedMessage||(d.wp.receiveEmbedMessage=function(e){var t=e.data;if((t||t.secret||t.message||t.value)&&!\/[^a-zA-Z0-9]\/.test(t.secret)){for(var s,r,n,a=l.querySelectorAll('iframe[data-secret=\"'+t.secret+'\"]'),o=l.querySelectorAll('blockquote[data-secret=\"'+t.secret+'\"]'),c=new RegExp(\"^https?:$\",\"i\"),i=0;i<o.length;i++)o[i].style.display=\"none\";for(i=0;i<a.length;i++)s=a[i],e.source===s.contentWindow&&(s.removeAttribute(\"style\"),\"height\"===t.message?(1e3<(r=parseInt(t.value,10))?r=1e3:~~r<200&&(r=200),s.height=r):\"link\"===t.message&&(r=new URL(s.getAttribute(\"src\")),n=new URL(t.value),c.test(n.protocol))&&n.host===r.host&&l.activeElement===s&&(d.top.location.href=t.value))}},d.addEventListener(\"message\",d.wp.receiveEmbedMessage,!1),l.addEventListener(\"DOMContentLoaded\",function(){for(var e,t,s=l.querySelectorAll(\"iframe.wp-embedded-content\"),r=0;r<s.length;r++)(t=(e=s[r]).getAttribute(\"data-secret\"))||(t=Math.random().toString(36).substring(2,12),e.src+=\"#?secret=\"+t,e.setAttribute(\"data-secret\",t)),e.contentWindow.postMessage({message:\"ready\",secret:t},\"*\")},!1)))}(window,document);\n\/* ]]> *\/\n<\/script>\n","thumbnail_url":"https:\/\/mrcvs.ca\/wp-content\/uploads\/2023\/02\/JPS2023-mrcvs-web.jpg","thumbnail_width":2499,"thumbnail_height":1658,"description":"* Le d\u00e9fi lanc\u00e9 dans le cadre de la campagne \u00ab\u2009Bien outill\u00e9.e, tu vas y arriver\u2009\u00bb est d\u00e9sormais termin\u00e9 et la MRC de Vaudreuil-Soulanges tient \u00e0 remercier les plus de 300 \u00e9l\u00e8ves ayant particip\u00e9 au concours. Les gagnant.es seront contact\u00e9.es au cours des prochains jours afin que chacun.e puisse recevoir son prix. Restez \u00e0 l&#8217;aff\u00fbt! [&hellip;]"}

Campagne « Bien outillé.e, tu vas y arriver » présentée dans le cadre des Journées de la persévérance scolaire 2023 de Vaudreuil-Soulanges - MRC of Vaudreuil-Soulanges

<blockquote class="wp-embedded-content" data-secret="wFGzu2OfVs"><a href="https://mrcvs.ca/en/jps/">Campagne « Bien outillé.e, tu vas y arriver » présentée dans le cadre des Journées de la persévérance scolaire 2023 de Vaudreuil-Soulanges</a></blockquote><iframe sandbox="allow-scripts" security="restricted" src="https://mrcvs.ca/en/jps/embed/#?secret=wFGzu2OfVs" width="600" height="338" title="&#8220;Campagne « Bien outillé.e, tu vas y arriver » présentée dans le cadre des Journées de la persévérance scolaire 2023 de Vaudreuil-Soulanges&#8221; &#8212; MRC of Vaudreuil-Soulanges " data-secret="wFGzu2OfVs" frameborder="0" marginwidth="0" marginheight="0" scrolling="no" class="wp-embedded-content"></iframe><script type="text/javascript">
/* <![CDATA[ */
/*! This file is auto-generated */
!function(d,l){"use strict";l.querySelector&&d.addEventListener&&"undefined"!=typeof URL&&(d.wp=d.wp||{},d.wp.receiveEmbedMessage||(d.wp.receiveEmbedMessage=function(e){var t=e.data;if((t||t.secret||t.message||t.value)&&!/[^a-zA-Z0-9]/.test(t.secret)){for(var s,r,n,a=l.querySelectorAll('iframe[data-secret="'+t.secret+'"]'),o=l.querySelectorAll('blockquote[data-secret="'+t.secret+'"]'),c=new RegExp("^https?:$","i"),i=0;i<o.length;i++)o[i].style.display="none";for(i=0;i<a.length;i++)s=a[i],e.source===s.contentWindow&&(s.removeAttribute("style"),"height"===t.message?(1e3<(r=parseInt(t.value,10))?r=1e3:~~r<200&&(r=200),s.height=r):"link"===t.message&&(r=new URL(s.getAttribute("src")),n=new URL(t.value),c.test(n.protocol))&&n.host===r.host&&l.activeElement===s&&(d.top.location.href=t.value))}},d.addEventListener("message",d.wp.receiveEmbedMessage,!1),l.addEventListener("DOMContentLoaded",function(){for(var e,t,s=l.querySelectorAll("iframe.wp-embedded-content"),r=0;r<s.length;r++)(t=(e=s[r]).getAttribute("data-secret"))||(t=Math.random().toString(36).substring(2,12),e.src+="#?secret="+t,e.setAttribute("data-secret",t)),e.contentWindow.postMessage({message:"ready",secret:t},"*")},!1)))}(window,document);
/* ]]> */
</script>

* Le défi lancé dans le cadre de la campagne « Bien outillé.e, tu vas y arriver » est désormais terminé et la MRC de Vaudreuil-Soulanges tient à remercier les plus de 300 élèves ayant participé au concours. Les gagnant.es seront contacté.es au cours des prochains jours afin que chacun.e puisse recevoir son prix. Restez à l&#8217;affût! [&hellip;]
